hat is a46636 (base 12) in base 6?
131204110
Convert 286425 (base 9) to base 3.
22220110212
What is -102786 (base 12) in base 2?
-111101110111010110
Convert -1101010101010000101111 (base 2) to base 15.
-490824
-326064 (base 7) to base 14
-16c6b
What is -122011222 (base 5) in base 16?
-8d579
Convert 3a57a (base 15) to base 7.
1405540
Convert 120520233 (base 6) to base 5.
1040443203
What is 4122352 (base 7) in base 6?
14322431
Convert -101101011011001011 (base 2) to base 13.
-668c3
What is 11131331101 (base 4) in base 7?
15120040
Convert 15062c6 (base 14) to base 10.
10235686
-111111101000001110001100 (base 2) to base 3
-1011101102102010
-2416861 (base 11) to base 10
-4210988
Convert -102211020100200 (base 3) to base 4.
-113332003320
403443 (base 7) to base 8
205604
-133563 (base 9) to base 7
-456156
Convert -1012110211222 (base 3) to base 11.
-3a7293
Convert 1098227 (base 11) to base 9.
3536763
1101111202201012 (base 3) to base 12
6814072
Convert -8b2686 (base 15) to base 14.
-c4bc0d
-2c499 (base 16) to base 6
-3515453
What is -32212311121 (base 4) in base 16?
-3a6d59
What is -4190a (base 13) in base 14?
-30dc8
What is -5cd72 (base 15) in base 4?
-1020123101
What is 12122411 (base 5) in base 10?
114106
d0d67 (base 14) to base 6
14432143
Convert -1068 (base 13) to base 4.
-203223
What is 2550145 (base 8) in base 11?
444511
What is -5260362 (base 7) in base 8?
-2333050
Convert -143413303 (base 5) to base 2.
-10111010011010111010
-418fa2 (base 16) to base 9
-8067751
What is -85745 (base 9) in base 15?
-11c2b
Convert 531302 (base 6) to base 7.
236432
101110100001101110000 (base 2) to base 3
2212110100101
What is aa034 (base 15) in base 4?
2003312101
Convert -1220032213 (base 4) to base 15.
-86764
Convert 130121153 (base 6) to base 13.
6a77b4
-101000000000000110010101 (base 2) to base 10
-10486165
What is 36260534 (base 7) in base 14?
5dd31b
277a (base 14) to base 16
1b38
6250 (base 14) to base 12
9966
What is 2310144 (base 6) in base 8?
346360
What is 210636 (base 12) in base 6?
15044110
-1425444 (base 6) to base 16
-13ec4
What is -120211002201011 (base 3) in base 12?
-2994b34
What is -111101001110110001101 (base 2) in base 3?
-10202221021121
What is 2070866 (base 9) in base 8?
4167015
-63a849 (base 14) to base 6
-200131413
Convert 533235 (base 6) to base 11.
2a766
Convert -12202423040 (base 5) to base 4.
-313103223120
3205131 (base 6) to base 12
767a7
What is 1131421 (base 5) in base 13?
9659
Convert -2364012 (base 8) to base 10.
-649226
What is -13605 (base 15) in base 9?
-104165
-12324102 (base 5) to base 6
-2325555
-1ba8587 (base 13) to base 15
-c2064e
What is -2100212 (base 7) in base 13?
-8aa4c
3201120023 (base 4) to base 6
31441455
What is -2121c2 (base 13) in base 7?
-6411002
2a058 (base 12) to base 8
162704
What is 443223144 (base 6) in base 13?
186cc94
What is 180980 (base 11) in base 14?
73b40
Convert 101303331112 (base 4) to base 11.
26aa101
535d8 (base 16) to base 14
8c624
Convert -214331132 (base 5) to base 13.
-268a59
What is 460224 (base 8) in base 10?
155796
What is 2004011010 (base 5) in base 12?
13b5201
What is 9a5b5 (base 13) in base 9?
466084
Convert -38a5a75 (base 12) to base 14.
-16a9413
-3411314210 (base 5) to base 7
-120654134
-6447b (base 12) to base 14
-36167
Convert 1592794 (base 12) to base 14.
8313c4
What is 81955 (base 12) in base 9?
276712
15320623 (base 8) to base 3
20121120100201
What is -1121311004 (base 6) in base 11?
-6aa1890
What is -11513b (base 14) in base 16?
-90181
What is 121110202011 (base 3) in base 14?
86228
Convert -254096 (base 10) to base 4.
-332002100
What is -27b136b (base 12) in base 13?
-1851b90
Convert -103310303 (base 5) to base 16.
-6d45a
Convert a41a3 (base 13) to base 14.
79580
2899358 (base 10) to base 3
12110022011122
Convert -8aa15 (base 11) to base 5.
-13203124
What is 402133024 (base 5) in base 14?
2d8ac3
Convert -104413342 (base 5) to base 14.
-c2134
What is 20113180 (base 9) in base 2?
100100110000000001100000
Convert -18b86b (base 12) to base 5.
-102404323
What is 2303035 (base 6) in base 16?
1ca3f
-73196 (base 10) to base 8
-216754
What is -279aa1 (base 11) in base 16?
-6ae81
What is -1b51a91 (base 12) in base 9?
-11865341
What is 28a27a (base 12) in base 11?
425896
36646a1 (base 12) to base 2
101000010111110011011001
-98a79 (base 11) to base 14
-3a533
85867d (base 16) to base 5
4220010332
-68ad8 (base 16) to base 12
-188160
What is -1613050 (base 11) in base 16?
-2a0fcc
What is 20321215 (base 7) in base 9?
3174667
Convert -37573b (base 13) to base 11.
-826297
Convert -173083 (base 9) to base 5.
-11412423
-323411 (base 8) to base 15
-2214c
What is -3540525 (base 6) in base 14?
-4b1d3
-5704416 (base 8) to base 5
-343324124
3000576 (base 8) to base 5
200134224
-2131013 (base 4) to base 10
-10055
Convert 4b2b1 (base 16) to base 11.
1a035a
What is 1979 (base 10) in base 4?
132323
What is 129a225 (base 11) in base 10?
2239011
What is -1043325 (base 8) in base 13?
-9a75a
12723203 (base 9) to base 4
113323321230
139aed (base 16) to base 15
1a5a65
Convert 31590 (base 16) to base 7.
1501203
Convert 141430 (base 11) to base 12.
a81b3
1dd6c4 (base 15) to base 2
101100101001001111101
-2199442 (base 11) to base 13
-a498b9
1115230 (base 7) to base 15
2b161
Convert -68c60c (base 14) to base 5.
-1403142023
-911d3 (base 14) to base 9
-581502
-2113b (base 16) to base 8
-410473
24999 (base 15) to base 14
30875
What is 20b81a (base 14) in base 13?
2ca0a6
Convert 12202111101220 (base 3) to base 14.
59956c
38387 (base 15) to base 13
63a24
Convert -1d53e (base 15) to base 5.
-11030214
What is -11002320232 (base 5) in base 4?
-230313100310
-11230201132 (base 4) to base 12
-60007a
1268824 (base 12) to base 6
205353244
55786 (base 13) to base 9
255654
What is 22a491 (base 12) in base 5?
120311401
-25533 (base 9) to base 13
-7aa3
Convert 9cc42 (base 15) to base 3.
221100100022
What is -54534345 (base 7) in base 15?
-626ed6
-2611959 (base 11) to base 6
-241004133
Convert 3a621 (base 11) to base 6.
1124234
What is 100101100101101001 (base 2) in base 10?
153961
Convert 20200010120 (base 3) to base 14.
35bda
Convert -21a1a (base 15) to base 16.
-1a194
Convert 357a939 (base 12) to base 4.
213202232331
-13041342 (base 5) to base 12
-61ab6
What is 481347 (base 11) in base 3?
1102202202010
Convert 15211034 (base 6) to base 14.
db38a
What is 13202123012 (base 4) in base 7?
22536644
What is 11a90 (base 12) in base 9?
35840
Convert 68301 (base 10) to base 9.
113620
24115205 (base 6) to base 10
756725
10426575 (base 8) to base 16
222d7d
Convert -2133515 (base 6) to base 12.
-5129b
110101110111001000 (base 2) to base 10
220616
What is 13004011 (base 8) in base 9?
5377317
3153274 (base 8) to base 16
cd6bc
Convert -146045415 (base 7) to base 6.
-545313030
1001000110110110001 (base 2) to base 9
504314
What is bd5b8 (base 15) in base 8?
2227700
What is 104291 (base 11) in base 14?
44a85
256658 (base 12) to base 2
10010101100100100100
Convert 94415 (base 11) to base 13.
4a821
175218 (base 12) to base 6
12345232
What is 236767 (base 8) in base 3?
11010122210
-1730741 (base 8) to base 7
-4200142
What is 3054304 (base 7) in base 15?
738ba
-11e26e (base 15) to base 6
-30215152
What is -759a97 (base 11) in base 9?
-2250080
Convert 4023186 (base 9) to base 7.
24125442
-305320 (base 8) to base 9
-163572
Convert -22313200 (base 4) to base 8.
-126740
Convert -53114246 (base 7) to base 16.
-44886e
What is 118240 (base 10) in base 5?
12240430
-210331103 (base 5) to base 3
-1122020111001
5137250 (base 9) to base 11
16025a3
Convert -13323203012 (base 4) to base 11.
-119aa16
Convert 871b8 (base 12) to base 16.
2b85c
Convert -1fc18 (base 16) to base 4.
-133300120
Convert -111110010101011000011100 (base 2) to base 6.
-1342122300
118126b (base 12) to base 15
473388
573700 (base 13) to base 11
118a925
Convert -1662434 (base 7) to base 16.
-3914c
What is -106545 (base 8) in base 4?
-20311211
4501134 (base 6) to base 12
aa7aa
What is -32490 (base 10) in base 13?
-11a33
9c4b0 (base 13) to base 10
284232
What is 16654271 (base 8) in base 7?
45026114
What is -183187 (base 11) in base 4?
-1010330110
Convert -60677124 (base 8) to base 9.
-26086510
-6dac9 (base 15) to base 13
-c3450
Convert 3040502 (base 6) to base 3.
21101100202
112301310300 (bas